 m(t). What is the greatest common divisor of p and 88?
8
Suppose -2*z + 10 = -3*z. Let p be (z - -1)/(3/(-93)). Calculate the highest common divisor of p and 31.
31
Let t = -26 - -37. Calculate the greatest common factor of t and 77.
11
Suppose 0*b + 4*b - 12 = 4*o, -2*b - o + 15 = 0. Suppose -4*j + 242 = -338. Let l = j + -91. Calculate the highest common factor of b and l.
6
Suppose 4*k - 187 - 241 = 3*y, -y - 524 = -5*k. Let x = -24 + 37. Calculate the highest common factor of x and k.
13
Suppose 15 = 2*y - y. What is the greatest common divisor of 105 and y?
15
Let j be ((-2)/3)/(8/(-444) + 0). What is the highest common factor of j and 333?
37
Let w(x) = x**2 + 25*x + 28. Let b be w(-24). Calculate the greatest common divisor of 4 and b.
4
Suppose -5*i - 19 = -4. Let w be (9/(-2))/(i/4). Let j = -5 - -11. Calculate the greatest common divisor of w and j.
6
Let h(n) = -n**2 + 11*n + 13. Let k be h(12). Let i be 3*(k - (-4)/(-6)). What is the greatest common factor of 9 and i?
1
Let n = 4 + 0. Let a be 60*(6/n + 0). What is the greatest common divisor of 10 and a?
10
Let p(l) = -l**2 - 7*l + 4. Let q be p(-6). Let b be 32/q + (-2)/10. What is the highest common factor of 3 and b?
3
Let x(r) = -15*r + 5. Let f be x(-6). What is the highest common divisor of 38 and f?
19
Suppose -4*y + 126 = 2*y. Suppose 2*f = -4*d + 2, 2 = 3*d - f + 3*f. Suppose -4*l - 4 = d, 1 = -q - 4*l - 0. Calculate the greatest common factor of q and y.
3
Suppose -2*g + 5*g = 360. Let s = 1 + -1. Let v be (-36 + s)/(-2) + -3. Calculate the highest common divisor of v and g.
15
Let k be (-4)/30 + 107/15. Suppose -k*g + 4*g + 60 = 0. What is the highest common divisor of 8 and g?
4
Suppose -4*x + 62 = 2*d, 4*x + 5*d - 1 = 5*x. Let y = 201 + -89. What is the highest common divisor of x and y?
14
Let t be -6*(-2)/4 - -73. What is the highest common factor of 4 and t?
4
Suppose -7*b + 8 = 1. Suppose -2 = 5*f - 17. Calculate the greatest common divisor of b and f.
1
Let u be (0 + 0)*(7 + -6). Suppose s + 2*c - 5*c - 20 = u, 40 = 2*s - 4*c. Calculate the greatest common divisor of s and 10.
10
Suppose -11*q + 13*q - 20 = 0. What is the greatest common factor of q and 50?
10
Let q(o) = 7*o + 1. Let u be q(2). Let v = 25 + -15. Calculate the highest common divisor of v and u.
5
Suppose -t = -x + 13 + 4, -t = -4*x + 56. What is the highest common factor of x and 13?
13
Let p(k) = k**3 + 9*k**2 - 11*k + 18. Let r be p(-10). Let x = -303 + 555. What is the highest common divisor of x and r?
28
Let d = -30 - -60. Let o = -29 + d. Let p = 1 + 0. What is the highest common factor of o and p?
1
Suppose 0 = 4*k - 17 + 5. Suppose 106 = k*c - 146. What is the greatest common factor of c and 12?
12
Let f = 154 + 55. Suppose -3*u + 6*u + 9 = 0, 4*v - f = -5*u. Suppose 21 = 2*o + o. Calculate the highest common factor of v and o.
7
Let q(a) = -a**3 - 4*a**2 - 3*a - 3. Let g be q(-3). Let c be g + (-3)/6*-6. Suppose c = 2*w - 5*w + 336. What is the highest common factor of w and 16?
16
Suppose 0 = a + 2*a - 18. Suppose -32 - 1 = -3*v. Suppose b - 7 = v. Calculate the greatest common factor of b and a.
6
Suppose 56 = -8*r + 9*r. Let a(f) = 7*f. Let h be a(2). What is the greatest common factor of r and h?
14
Let v(o) = -o - 6. Let x be v(-5). Let j = 10 + x. Calculate the greatest common factor of 9 and j.
9
Let i be (-27)/(-21) - (-6)/(-21). Suppose -3*c + i = -8. Calculate the greatest common factor of 27 and c.
3
Suppose -3*o + 0*o + 96 = 0. What is the highest common divisor of 80 and o?
16
Let z be 1*(20 - (2 + -1 + 2)). What is the greatest common divisor of 17 and z?
17
Suppose 38 - 8 = 5*i. Calculate the greatest common factor of i and 24.
6
Suppose 0 = -4*m + 3*m + 3. Suppose 2*p + 8*i - 74 = m*i, -4*i = -16. What is the highest common factor of p and 3?
3
Let o = -19 + 28. Let f be (18/10)/((-7)/(-35)). Let p be (f/(-6))/3*-6. Calculate the greatest common factor of p and o.
3
Suppose z = -7 + 14. Let y be (2/(-8))/(((-15)/(-84))/(-5)). What is the greatest common divisor of z and y?
7
Let i be 9/(-6) + (-414)/(-4). Calculate the greatest common factor of i and 6.
6
Let j = -71 - -116. Calculate the highest common factor of j and 15.
15
Let t be (-8)/((-4)/(-16)*-2). What is the highest common factor of t and 2?
2
Suppose -4*c = -5*l - 386 - 90, 119 = c - l. Let k = -64 + c. What is the highest common factor of k and 11?
11
Let a(v) = v**3 - 4*v**2 - v + 4. Let w be a(4). Suppose w = 3*g - 4*g + 23. Calculate the highest common factor of 207 and g.
23
Suppose 4*a - 26 = -l + 17, 128 = 4*l + 5*a. Calculate the greatest common divisor of 3 and l.
3
Let p(i) = i**3 + 3*i**2 + i + 3. Let z be p(-3). Suppose z = 4*w - 397 - 35. Suppose w = 2*s - s. Calculate the greatest common divisor of s and 12.
12
Let o(y) = -3*y - 6. Let f be o(-6). Suppose 0 = 3*b - 3*w - 159, 4*b + 5*w - 161 - 6 = 0. Calculate the greatest common divisor of b and f.
12
Let c be (3 - -42) + -1 + 0. Let n = c + -8. Let l(z) = 5*z**2 - 9*z + 7. Let y be l(2). Calculate the highest common divisor of n and y.
9
Suppose -5*l + 10 = -65. Let h(n) = n**3 - 4*n**2 + 2*n - 1. Let f be h(4). Let z = l - f. What is the highest common factor of 8 and z?
8
Suppose -70 = -5*y + 80. Suppose 18 = -2*h + 5*h. Calculate the greatest common factor of y and h.
6
Let b be 8 + 4/2*1. Calculate the greatest common divisor of b and 40.
10
Suppose 2*v = -4*v + 312. Calculate the greatest common divisor of v and 13.
13
Suppose -2 = -5*c + 13. Suppose 0 = c*k + k - 396. What is the greatest common factor of k and 11?
11
Let c = -2 + 52. Calculate the highest common divisor of c and 125.
25
Let f be (-1)/((-13)/6 - -2). Calculate the highest common factor of f and 3.
3
Let d(j) = j**3 + 6*j**2 - 3*j - 4. Let v be d(-6). What is the greatest common divisor of v and 98?
14
Let w = 2 - -7. Calculate the greatest common divisor of 45 and w.
9
Suppose -2*t = 4*y + 58, 94 = 4*t - 8*t + 3*y. Let w be -1*2/(-2)*-5. Let q be w/1*35/t. What is the highest common divisor of q and 28?
7
Let i be ((-2)/(-4))/((-1)/(-24)) - 0. Let j(m) = 12*m - 3. Let r be j(-7). Let p = r + 183. Calculate the greatest common factor of i and p.
12
Suppose -13 + 2 = -w. Let v = 69 - 47. Calculate the greatest common factor of v and w.
11
Suppose 5*a + 4*w = 25, 6*w = 5*a + 5*w - 50. Let q = a + -4. What is the greatest common divisor of 55 and q?
5
Let t = -2 - -4. Suppose 0 = -2*m - 3*z - t, 3*z + 22 = 2*m - 0*m. Let r(u) = 6*u + 2. Let g be r(3). Calculate the greatest common divisor of m and g.
5
Suppose -20*l + 16*l = -104. What is the greatest common divisor of l and 117?
13
Let g(a) = -a**2 - 12*a - 4. Let h be g(-6). Suppose 0 = -5*b - 7 + h. Suppose b*s - 50 = -10. Calculate the highest common divisor of 72 and s.
8
Let y(z) = -z + 5*z**2 + 0 - 4*z**2 - 1 + 4*z. Let a be y(-4). Suppose 0 = h + 4*v - 5, -h - a*h = -2*v - 38. Calculate the highest common factor of 99 and h.
9
Let x be 17 + 0 + 3/(-3). Let u(i) = 5*i + 3. Let n(y) = 16*y + 10. Let h(t) = 6*n(t) - 20*u(t). Let p be h(-6). What is the greatest common divisor of p and x?
8
Suppose f - 1 - 1 = 0. Suppose 3*s - 2*m - 115 = -0*m, -3*m + 55 = f*s. Suppose s = 4*w + 7. Calculate the greatest common divisor of w and 7.
7
Let g be (9/(-6))/((-15)/(-40)*-2). Calculate the highest common divisor of 3 and g.
1
Suppose -v = 7*u - 4*u + 10, 5*u = -20. Suppose -3*q = v*f - 70, -q - 3*q + 105 = 5*f. Suppose -n - q = -75. Calculate the highest common factor of n and 5.
5
Suppose 2*l - 75 = -3*l. Let r be 1/(9/12) - (-311)/3. What is the highest common divisor of l and r?
15
Suppose 4*y - 99 = -2*v - v, 0 = 3*y - 3*v - 90. Calculate the highest common factor of y and 81.
27
Suppose -497 = 4*o - 13. Let r = o + 185. Calculate the greatest common factor of r and 8.
8
Suppose 4*r - 136 = -0*r. Suppose 4*u - 2*o - 96 = -r, 2*u - 5*o = 27. Calculate the highest common factor of 8 and u.
8
Suppose c - 79 = -w, w = 5*c - 0*c + 85. What is the greatest common divisor of w and 32?
16
Let c be (1/3)/((-18)/(-162)). Calculate the highest common factor of 3 and c.
3
Suppose -20*k + k = -57. Calculate the highest common divisor of k and 39.
3
Suppose -239 = -t - 3*q + 123, -4*t + 1504 = -2*q. Calculate the greatest common diviso